{"id":1281,"date":"2019-04-01T03:45:19","date_gmt":"2019-04-01T03:45:19","guid":{"rendered":"https:\/\/epg.unp.edu.pe\/eposgrado\/?page_id=1281"},"modified":"2026-01-09T18:27:51","modified_gmt":"2026-01-09T18:27:51","slug":"maestrias","status":"publish","type":"page","link":"https:\/\/epg.unp.edu.pe\/eposgrado\/maestrias\/","title":{"rendered":"Maestr\u00edas"},"content":{"rendered":"<table class=\"tablahorario\">\n<tbody>\n<tr>\n<td colspan=\"2\" width=\"70%\"><strong>UNIDAD DE POSGRADO DE LA FACULTAD DE CIENCIAS ADMINISTRATIVAS<\/strong><\/td>\n<\/tr>\n<tr>\n<td>\n<ul class=\"programa\">\n<li>Programa de Maestr\u00eda en Administraci\u00f3n con menci\u00f3n en:<\/li>\n<\/ul>\n<ul class=\"mencion\">\n<li>Gerencia Empresarial<\/li>\n<li>Gerencia Gubernamental<\/li>\n<li>Negocios Internacionales y Log\u00edstica de Exportaci\u00f3n<\/li>\n<\/ul>\n<\/td>\n<td><a class=\"omsc-button omsc-custom-hover omsc-size-small omsc-style-flat omsc-text-bright\" href=\"https:\/\/epg.unp.edu.pe\/eposgrado\/maestrias\/promad\/\" style=\"background-color:#922446;border-color:#922446;color:#ffffff\" data-hover-bg-color=\"#963258\" data-hover-text-color=\"#ffffff\" data-hover-border-color=\"#963258\">Ver m\u00e1s<\/a><\/td>\n<\/tr>\n<tr>\n<td colspan=\"2\"><strong>UNIDAD DE POSGRADO DE LA FACULTAD DE AGRONOM\u00cdA<\/strong><\/td>\n<\/tr>\n<tr>\n<td>\n<ul class=\"programa\">\n<li>Programa de Maestr\u00eda en Ciencias Agrarias con menci\u00f3n en:<\/li>\n<\/ul>\n<ul class=\"mencion\">\n<li>Agricultura Sostenible para Exportaci\u00f3n<\/li>\n<\/ul>\n<\/td>\n<td><a class=\"omsc-button omsc-custom-hover omsc-size-small omsc-style-flat omsc-text-bright\" href=\"https:\/\/epg.unp.edu.pe\/eposgrado\/maestrias\/promagro\/\" style=\"background-color:#922446;border-color:#922446;color:#ffffff\" data-hover-bg-color=\"#963258\" data-hover-text-color=\"#ffffff\" data-hover-border-color=\"#963258\">Ver m\u00e1s<\/a><\/td>\n<\/tr>\n<tr>\n<td colspan=\"2\"><strong>UNIDAD DE POSGRDO DE LA FACULTAD DE CIENCIAS CONTABLES Y FINANCIERAS<\/strong><\/td>\n<\/tr>\n<tr>\n<td>\n<ul class=\"programa\">\n<li>Programa de Maestr\u00eda en Ciencias Contables y Financieras con menci\u00f3n en:<\/li>\n<\/ul>\n<ul class=\"mencion\">\n<li>Finanzas Empresariales<\/li>\n<li>Auditor\u00eda y Control<\/li>\n<li>Tributaci\u00f3n<\/li>\n<li>Contabilidad y Gesti\u00f3n Gubernamental<\/li>\n<\/ul>\n<\/td>\n<td><a class=\"omsc-button omsc-custom-hover omsc-size-small omsc-style-flat omsc-text-bright\" href=\"https:\/\/epg.unp.edu.pe\/eposgrado\/maestrias\/promaccof\/\" style=\"background-color:#922446;border-color:#922446;color:#ffffff\" data-hover-bg-color=\"#963258\" data-hover-text-color=\"#ffffff\" data-hover-border-color=\"#963258\">Ver m\u00e1s<\/a><\/td>\n<\/tr>\n<tr>\n<td colspan=\"2\"><strong>UNIDAD DE POSGRADO DE LA FACULTAD DE ECONOM\u00cdA <\/strong><\/td>\n<\/tr>\n<tr>\n<td>\n<ul class=\"programa\">\n<li>Programa de Maestr\u00eda en Ciencias Econ\u00f3micas con menci\u00f3n en:<\/li>\n<\/ul>\n<ul class=\"mencion\">\n<li>Proyectos de inversi\u00f3n<\/li>\n<\/ul>\n<\/td>\n<td><a class=\"omsc-button omsc-custom-hover omsc-size-small omsc-style-flat omsc-text-bright\" href=\"https:\/\/epg.unp.edu.pe\/eposgrado\/maestrias\/promace\/proyectos-de-inversion\/\" style=\"background-color:#922446;border-color:#922446;color:#ffffff\" data-hover-bg-color=\"#963258\" data-hover-text-color=\"#ffffff\" data-hover-border-color=\"#963258\">Ver m\u00e1s<\/a><\/td>\n<\/tr>\n<tr>\n<td colspan=\"2\"><strong>UNIDAD DE POSGRADO DE LA FACULTAD DE INGENIER\u00cdA\u00a0INDUSTRIAL<\/strong><\/td>\n<\/tr>\n<tr>\n<td>\n<ul class=\"programa\">\n<li>Programa de Maestr\u00eda en Ingenier\u00eda Industrial<\/li>\n<\/ul>\n<\/td>\n<td><a class=\"omsc-button omsc-custom-hover omsc-size-small omsc-style-flat omsc-text-bright\" href=\"https:\/\/epg.unp.edu.pe\/eposgrado\/maestrias\/promaindu\/\" style=\"background-color:#922446;border-color:#922446;color:#ffffff\" data-hover-bg-color=\"#963258\" data-hover-text-color=\"#ffffff\" data-hover-border-color=\"#963258\">Ver m\u00e1s<\/a><\/td>\n<\/tr>\n<tr>\n<td>\n<ul class=\"programa\">\n<li>Programa de Maestr\u00eda en Ingenier\u00eda Inform\u00e1tica<\/li>\n<\/ul>\n<\/td>\n<td><a class=\"omsc-button omsc-custom-hover omsc-size-small omsc-style-flat omsc-text-bright\" href=\"https:\/\/epg.unp.edu.pe\/eposgrado\/maestrias\/promaiinfo\/\" style=\"background-color:#922446;border-color:#922446;color:#ffffff\" data-hover-bg-color=\"#963258\" data-hover-text-color=\"#ffffff\" data-hover-border-color=\"#963258\">Ver m\u00e1s<\/a><\/td>\n<\/tr>\n<tr>\n<td>\n<ul class=\"programa\">\n<li>Programa de Maestr\u00eda en Direcci\u00f3n y Gesti\u00f3n de las Tecnolog\u00edas de la Informaci\u00f3n y Comunicaciones<\/li>\n<\/ul>\n<\/td>\n<td><a class=\"omsc-button omsc-custom-hover omsc-size-small omsc-style-flat omsc-text-bright\" href=\"https:\/\/epg.unp.edu.pe\/eposgrado\/maestrias\/promadgtics\/\" style=\"background-color:#922446;border-color:#922446;color:#ffffff\" data-hover-bg-color=\"#963258\" data-hover-text-color=\"#ffffff\" data-hover-border-color=\"#963258\">Ver m\u00e1s<\/a><\/td>\n<\/tr>\n<tr>\n<td colspan=\"2\"><strong>UNIDAD DE POSGRADO DE LA FACULTAD DE INGENIER\u00cdA\u00a0DE MINAS<\/strong><\/td>\n<\/tr>\n<tr>\n<td>\n<ul class=\"programa\">\n<li>Programa de Maestr\u00eda en Ingenier\u00eda Ambiental y Seguridad Industrial<\/li>\n<\/ul>\n<\/td>\n<td><a class=\"omsc-button omsc-custom-hover omsc-size-small omsc-style-flat omsc-text-bright\" href=\"https:\/\/epg.unp.edu.pe\/eposgrado\/maestrias\/promaina\/\" style=\"background-color:#922446;border-color:#922446;color:#ffffff\" data-hover-bg-color=\"#963258\" data-hover-text-color=\"#ffffff\" data-hover-border-color=\"#963258\">Ver m\u00e1s<\/a><\/td>\n<\/tr>\n<tr>\n<td>\n<ul class=\"programa\">\n<li>Programa de Maestr\u00eda en Ingenier\u00eda, Petr\u00f3leo y Gas Natural<\/li>\n<\/ul>\n<\/td>\n<td><a class=\"omsc-button omsc-custom-hover omsc-size-small omsc-style-flat omsc-text-bright\" href=\"https:\/\/epg.unp.edu.pe\/eposgrado\/maestrias\/promaipga\/\" style=\"background-color:#922446;border-color:#922446;color:#ffffff\" data-hover-bg-color=\"#963258\" data-hover-text-color=\"#ffffff\" data-hover-border-color=\"#963258\">Ver m\u00e1s<\/a><\/td>\n<\/tr>\n<tr>\n<td>\n<ul class=\"programa\">\n<li>Programa de Maestr\u00eda en Seguridad Industrial, Salud Ocupacional y Relaciones Comunitarias<\/li>\n<\/ul>\n<\/td>\n<td><a class=\"omsc-button omsc-custom-hover omsc-size-small omsc-style-flat omsc-text-bright\" href=\"https:\/\/epg.unp.edu.pe\/eposgrado\/maestrias\/promasisor\/\" style=\"background-color:#922446;border-color:#922446;color:#ffffff\" data-hover-bg-color=\"#963258\" data-hover-text-color=\"#ffffff\" data-hover-border-color=\"#963258\">Ver m\u00e1s<\/a><\/td>\n<\/tr>\n<tr>\n<td>\n<ul class=\"programa\">\n<li>Programa de Maestr\u00eda en Geomec\u00e1nica Minera<\/li>\n<\/ul>\n<\/td>\n<td><a class=\"omsc-button omsc-custom-hover omsc-size-small omsc-style-flat omsc-text-bright\" href=\"https:\/\/epg.unp.edu.pe\/eposgrado\/maestria-en-geomecanica-minera\/\" style=\"background-color:#922446;border-color:#922446;color:#ffffff\" data-hover-bg-color=\"#963258\" data-hover-text-color=\"#ffffff\" data-hover-border-color=\"#963258\">Ver m\u00e1s<\/a><\/td>\n<\/tr>\n<tr>\n<td>\n<ul class=\"programa\">\n<li>Programa de Maestr\u00eda en Gesti\u00f3n y Manejo de Recursos Hidricos<\/li>\n<\/ul>\n<\/td>\n<td><a class=\"omsc-button omsc-custom-hover omsc-size-small omsc-style-flat omsc-text-bright\" href=\"https:\/\/epg.unp.edu.pe\/eposgrado\/maestrias\/maestria-en-gestion-y-manejo-de-recursos-hidricos\/\" style=\"background-color:#922446;border-color:#922446;color:#ffffff\" data-hover-bg-color=\"#963258\" data-hover-text-color=\"#ffffff\" data-hover-border-color=\"#963258\">Ver m\u00e1s<\/a><\/td>\n<\/tr>\n<tr>\n<td colspan=\"2\"><strong>UNIDAD DE POSGRADO DE LA FACULTAD DE CIENCIAS DE LA SALUD<\/strong><\/td>\n<\/tr>\n<tr>\n<td>\n<ul class=\"programa\">\n<li>Programa de Maestr\u00eda en Salud P\u00fablica con menci\u00f3n en:<\/li>\n<\/ul>\n<ul class=\"mencion\">\n<li>Salud Familiar y Comunitaria<\/li>\n<li>Gerencia en Salud<\/li>\n<\/ul>\n<ul class=\"programa\">\n<li>Programa de Maestr\u00eda en Psicolog\u00eda con menci\u00f3n en:<\/li>\n<\/ul>\n<ul class=\"mencion\">\n<li>Terapia Familiar<\/li>\n<\/ul>\n<ul class=\"programa\">\n<li>Programa de Maestr\u00eda en Psicolog\u00eda Cl\u00ednica con menci\u00f3n en:<\/li>\n<\/ul>\n<ul class=\"mencion\">\n<li>Neuropsicolog\u00eda<\/li>\n<\/ul>\n<ul class=\"programa\">\n<li>Programa de Maestr\u00eda en Salud Ocupacional<\/li>\n<\/ul>\n<\/td>\n<td><a class=\"omsc-button omsc-custom-hover omsc-size-small omsc-style-flat omsc-text-bright\" href=\"https:\/\/epg.unp.edu.pe\/eposgrado\/maestrias\/promamed\/\" style=\"background-color:#922446;border-color:#922446;color:#ffffff\" data-hover-bg-color=\"#963258\" data-hover-text-color=\"#ffffff\" data-hover-border-color=\"#963258\">Ver m\u00e1s<\/a><\/td>\n<\/tr>\n<tr>\n<td colspan=\"2\"><strong>UNIDAD DE POSGRADO DE LA FACULTAD DE CIENCIAS SOCIALES Y EDUCACI\u00d3N<\/strong><\/td>\n<\/tr>\n<tr>\n<td>\n<ul class=\"programa\">\n<li>Programa de Maestr\u00eda en Ciencias de la Educaci\u00f3n con menci\u00f3n en:<\/li>\n<\/ul>\n<ul class=\"mencion\">\n<li>Docencia e Investigaci\u00f3n<\/li>\n<li>Gesti\u00f3n Educativa<\/li>\n<li>Psicopedagog\u00eda e Inclusi\u00f3n<\/li>\n<\/ul>\n<\/td>\n<td><a class=\"omsc-button omsc-custom-hover omsc-size-small omsc-style-flat omsc-text-bright\" href=\"https:\/\/epg.unp.edu.pe\/eposgrado\/maestrias\/promaedu\/\" style=\"background-color:#922446;border-color:#922446;color:#ffffff\" data-hover-bg-color=\"#963258\" data-hover-text-color=\"#ffffff\" data-hover-border-color=\"#963258\">Ver m\u00e1s<\/a><\/td>\n<\/tr>\n<tr>\n<td><\/td>\n<\/tr>\n<tr>\n<td>\n<ul class=\"programa\">\n<li>Programa de Maestr\u00eda en Ciencias Sociales con menci\u00f3n en:<\/li>\n<\/ul>\n<ul class=\"mencion\">\n<li>Gerencia Social<\/li>\n<\/ul>\n<\/td>\n<td><a class=\"omsc-button omsc-custom-hover omsc-size-small omsc-style-flat omsc-text-bright\" href=\"https:\/\/epg.unp.edu.pe\/eposgrado\/maestrias\/promageso\/\" style=\"background-color:#922446;border-color:#922446;color:#ffffff\" data-hover-bg-color=\"#963258\" data-hover-text-color=\"#ffffff\" data-hover-border-color=\"#963258\">Ver m\u00e1s<\/a><\/td>\n<\/tr>\n<tr>\n<td colspan=\"2\"><strong>UNIDAD DE POSGRADO DE LA FACULTAD DE DERECHO Y CIENCIAS POL\u00cdTICAS<\/strong><\/td>\n<\/tr>\n<tr>\n<td>\n<ul class=\"programa\">\n<li>Programa de Maestr\u00eda en Derecho con menci\u00f3n en:<\/li>\n<\/ul>\n<ul class=\"mencion\">\n<li>Derecho Civil y Comercial<\/li>\n<li>Derecho Penal<\/li>\n<li>Derecho Tributario y Laboral<\/li>\n<li>Derecho Constitucional y Derechos Humanos<\/li>\n<\/ul>\n<\/td>\n<td><a class=\"omsc-button omsc-custom-hover omsc-size-small omsc-style-flat omsc-text-bright\" href=\"https:\/\/epg.unp.edu.pe\/eposgrado\/maestrias\/promade\/\" style=\"background-color:#922446;border-color:#922446;color:#ffffff\" data-hover-bg-color=\"#963258\" data-hover-text-color=\"#ffffff\" data-hover-border-color=\"#963258\">Ver m\u00e1s<\/a><\/td>\n<\/tr>\n<tr>\n<td colspan=\"2\"><strong>UNIDAD DE POSGRADO DE LA FACULTAD DE CIENCIAS<\/strong><\/td>\n<\/tr>\n<tr>\n<td>\n<ul class=\"programa\">\n<li>Programa de Maestr\u00eda en Ciencias con menci\u00f3n en:<\/li>\n<\/ul>\n<ul class=\"mencion\">\n<li>Matem\u00e1tica Aplicada<\/li>\n<li>Ense\u00f1anza de la Matem\u00e1tica<\/li>\n<\/ul>\n<\/td>\n<td><a class=\"omsc-button omsc-custom-hover omsc-size-small omsc-style-flat omsc-text-bright\" href=\"https:\/\/epg.unp.edu.pe\/eposgrado\/maestrias\/maestria-en-ciencias\/\" style=\"background-color:#922446;border-color:#922446;color:#ffffff\" data-hover-bg-color=\"#963258\" data-hover-text-color=\"#ffffff\" data-hover-border-color=\"#963258\">Ver m\u00e1s<\/a><\/td>\n<\/tr>\n<tr>\n<td>\n<ul class=\"programa\">\n<li>Programa de Maestr\u00eda en Ciencias del Mar<\/li>\n<\/ul>\n<\/td>\n<td><a class=\"omsc-button omsc-custom-hover omsc-size-small omsc-style-flat omsc-text-bright\" href=\"https:\/\/epg.unp.edu.pe\/eposgrado\/maestrias\/promacimar\/\" style=\"background-color:#922446;border-color:#922446;color:#ffffff\" data-hover-bg-color=\"#963258\" data-hover-text-color=\"#ffffff\" data-hover-border-color=\"#963258\">Ver m\u00e1s<\/a><\/td>\n<\/tr>\n<tr>\n<td>\n<ul class=\"programa\">\n<li>Programa de Maestr\u00eda en Ingenier\u00eda Electr\u00f3nica y Control<\/li>\n<\/ul>\n<\/td>\n<td><a class=\"omsc-button omsc-custom-hover omsc-size-small omsc-style-flat omsc-text-bright\" href=\"https:\/\/epg.unp.edu.pe\/eposgrado\/maestrias\/maestria-en-ingenieria-electronica-y-control\/\" style=\"background-color:#922446;border-color:#922446;color:#ffffff\" data-hover-bg-color=\"#963258\" data-hover-text-color=\"#ffffff\" data-hover-border-color=\"#963258\">Ver m\u00e1s<\/a><\/td>\n<\/tr>\n<tr>\n<td colspan=\"2\"><strong>UNIDAD DE POSGRADO DE LA FACULTAD DE INGENIER\u00cdA CIVIL<\/strong><\/td>\n<\/tr>\n<tr>\n<td>\n<ul class=\"programa\">\n<li>Programa de Maestr\u00eda en Ingenier\u00eda Civil<\/li>\n<\/ul>\n<\/td>\n<td><a class=\"omsc-button omsc-custom-hover omsc-size-small omsc-style-flat omsc-text-bright\" href=\"https:\/\/epg.unp.edu.pe\/eposgrado\/maestrias\/promainci\/\" style=\"background-color:#922446;border-color:#922446;color:#ffffff\" data-hover-bg-color=\"#963258\" data-hover-text-color=\"#ffffff\" data-hover-border-color=\"#963258\">Ver m\u00e1s<\/a><\/td>\n<\/tr>\n<tr>\n<td>\n<ul class=\"programa\">\n<li>Programa de Maestr\u00eda en Planificaci\u00f3n y Ordenamiento Territorial para el Desarrollo Sostenible con menci\u00f3n en:<\/li>\n<\/ul>\n<ul class=\"mencion\">\n<li>Gesti\u00f3n Del Riesgo<\/li>\n<\/ul>\n<\/td>\n<td><a class=\"omsc-button omsc-custom-hover omsc-size-small omsc-style-flat omsc-text-bright\" href=\"https:\/\/epg.unp.edu.pe\/eposgrado\/maestrias\/gestion-del-riesgo\/\" style=\"background-color:#922446;border-color:#922446;color:#ffffff\" data-hover-bg-color=\"#963258\" data-hover-text-color=\"#ffffff\" data-hover-border-color=\"#963258\">Ver m\u00e1s<\/a><\/td>\n<\/tr>\n<tr>\n<td colspan=\"2\"><strong>UNIDAD DE POSGRADO DE LA FACULTAD DE ARQUITECTURA Y URBANISMO<\/strong><\/td>\n<\/tr>\n<tr>\n<td>\n<ul class=\"programa\">\n<li>Programa de Maestr\u00eda en Arquitectura con menci\u00f3n en:<\/li>\n<\/ul>\n<ul class=\"mencion\">\n<li>Planificaci\u00f3n Urbana<\/li>\n<\/ul>\n<\/td>\n<td><a class=\"omsc-button omsc-custom-hover omsc-size-small omsc-style-flat omsc-text-bright\" href=\"https:\/\/epg.unp.edu.pe\/eposgrado\/maestrias\/planificacion-urbana\/\" style=\"background-color:#922446;border-color:#922446;color:#ffffff\" data-hover-bg-color=\"#963258\" data-hover-text-color=\"#ffffff\" data-hover-border-color=\"#963258\">Ver m\u00e1s<\/a><\/td>\n<\/tr>\n<tr>\n<td colspan=\"2\"><strong>UNIDAD DE POSGRADO DE LA FACULTAD DE INGENIER\u00cdA PESQUERA<\/strong><\/td>\n<\/tr>\n<tr>\n<td>\n<ul class=\"programa\">\n<li>Programa de Maestr\u00eda en Sistema de Gesti\u00f3n De La Calidad, Transformaci\u00f3n Digital e Innovaci\u00f3n para la Industria Alimentaria<\/li>\n<\/ul>\n<\/td>\n<td><a class=\"omsc-button omsc-custom-hover omsc-size-small omsc-style-flat omsc-text-bright\" href=\"https:\/\/epg.unp.edu.pe\/eposgrado\/maestrias\/maestria-en-sistema-de-gestion-transformacion-digital-e-innovacion-para-la-industria-alimentaria\/\" style=\"background-color:#922446;border-color:#922446;color:#ffffff\" data-hover-bg-color=\"#963258\" data-hover-text-color=\"#ffffff\" data-hover-border-color=\"#963258\">Ver m\u00e1s<\/a><\/td>\n<\/tr>\n<\/tbody>\n<\/table>\n","protected":false},"excerpt":{"rendered":"<p>UNIDAD DE POSGRADO DE LA FACULTAD DE CIENCIAS ADMINISTRATIVAS Programa de Maestr\u00eda en Administraci\u00f3n con menci\u00f3n en: Gerencia Empresarial Gerencia Gubernamental Negocios Internacionales y Log\u00edstica de Exportaci\u00f3n UNIDAD DE POSGRADO DE LA FACULTAD DE AGRONOM\u00cdA Programa de Maestr\u00eda en Ciencias Agrarias con menci\u00f3n en: Agricultura Sostenible para Exportaci\u00f3n UNIDAD DE POSGRDO DE LA FACULTAD DE [&hellip;]<\/p>\n","protected":false},"author":1,"featured_media":212,"parent":0,"menu_order":0,"comment_status":"closed","ping_status":"closed","template":"","meta":{"footnotes":""},"categories":[3],"tags":[],"class_list":["post-1281","page","type-page","status-publish","has-post-thumbnail","hentry","category-epg-unp"],"_links":{"self":[{"href":"https:\/\/epg.unp.edu.pe\/eposgrado\/wp-json\/wp\/v2\/pages\/1281","targetHints":{"allow":["GET"]}}],"collection":[{"href":"https:\/\/epg.unp.edu.pe\/eposgrado\/wp-json\/wp\/v2\/pages"}],"about":[{"href":"https:\/\/epg.unp.edu.pe\/eposgrado\/wp-json\/wp\/v2\/types\/page"}],"author":[{"embeddable":true,"href":"https:\/\/epg.unp.edu.pe\/eposgrado\/wp-json\/wp\/v2\/users\/1"}],"replies":[{"embeddable":true,"href":"https:\/\/epg.unp.edu.pe\/eposgrado\/wp-json\/wp\/v2\/comments?post=1281"}],"version-history":[{"count":5,"href":"https:\/\/epg.unp.edu.pe\/eposgrado\/wp-json\/wp\/v2\/pages\/1281\/revisions"}],"predecessor-version":[{"id":4035,"href":"https:\/\/epg.unp.edu.pe\/eposgrado\/wp-json\/wp\/v2\/pages\/1281\/revisions\/4035"}],"wp:featuredmedia":[{"embeddable":true,"href":"https:\/\/epg.unp.edu.pe\/eposgrado\/wp-json\/wp\/v2\/media\/212"}],"wp:attachment":[{"href":"https:\/\/epg.unp.edu.pe\/eposgrado\/wp-json\/wp\/v2\/media?parent=1281"}],"wp:term":[{"taxonomy":"category","embeddable":true,"href":"https:\/\/epg.unp.edu.pe\/eposgrado\/wp-json\/wp\/v2\/categories?post=1281"},{"taxonomy":"post_tag","embeddable":true,"href":"https:\/\/epg.unp.edu.pe\/eposgrado\/wp-json\/wp\/v2\/tags?post=1281"}],"curies":[{"name":"wp","href":"https:\/\/api.w.org\/{rel}","templated":true}]}}