{"id":338,"date":"2018-11-13T19:14:56","date_gmt":"2018-11-13T19:14:56","guid":{"rendered":"https:\/\/epg.unp.edu.pe\/eposgrado\/?page_id=338"},"modified":"2019-04-01T04:57:45","modified_gmt":"2019-04-01T04:57:45","slug":"promaedu","status":"publish","type":"page","link":"https:\/\/epg.unp.edu.pe\/eposgrado\/maestrias\/promaedu\/","title":{"rendered":"Maestr\u00eda en Ciencias de la Educaci\u00f3n"},"content":{"rendered":"<div class=\"pt-cv-wrapper\"><div class=\"pt-cv-view pt-cv-grid pt-cv-colsys pt-cv-post-border\" id=\"pt-cv-view-a0dd8b827y\"><div data-id=\"pt-cv-page-1\" class=\"pt-cv-page\" data-cvc=\"2\"><div class=\"col-md-6 col-sm-6 col-xs-12 pt-cv-content-item pt-cv-1-col\"  data-pid=\"1059\"><div class='pt-cv-ifield'><a href=\"https:\/\/epg.unp.edu.pe\/eposgrado\/maestrias\/promaedu\/docencia-e-investigacion\/\" class=\"_self pt-cv-href-thumbnail pt-cv-thumb-default cvplbd\" target=\"_self\" ><img loading=\"lazy\" decoding=\"async\" width=\"791\" height=\"272\" src=\"https:\/\/epg.unp.edu.pe\/eposgrado\/wp-content\/uploads\/2019\/04\/banner_docencia_investigacion.png\" class=\"pt-cv-thumbnail img-none\" alt=\"Docencia e Investigaci\u00f3n\" srcset=\"https:\/\/epg.unp.edu.pe\/eposgrado\/wp-content\/uploads\/2019\/04\/banner_docencia_investigacion.png 791w, https:\/\/epg.unp.edu.pe\/eposgrado\/wp-content\/uploads\/2019\/04\/banner_docencia_investigacion-300x103.png 300w, https:\/\/epg.unp.edu.pe\/eposgrado\/wp-content\/uploads\/2019\/04\/banner_docencia_investigacion-768x264.png 768w, https:\/\/epg.unp.edu.pe\/eposgrado\/wp-content\/uploads\/2019\/04\/banner_docencia_investigacion-285x98.png 285w\" sizes=\"auto, (max-width: 791px) 100vw, 791px\" \/><\/a>\n<h4 class=\"pt-cv-title\"><a href=\"https:\/\/epg.unp.edu.pe\/eposgrado\/maestrias\/promaedu\/docencia-e-investigacion\/\" class=\"_self cvplbd\" target=\"_self\" > Maestr\u00eda en Ciencias de la Educaci\u00f3n con menci\u00f3n en Docencia e Investigaci\u00f3n<\/a><\/h4>\n<div class=\"pt-cv-content\"><div class=\"pt-cv-rmwrap\"><a href=\"https:\/\/epg.unp.edu.pe\/eposgrado\/maestrias\/promaedu\/docencia-e-investigacion\/\" class=\"_self pt-cv-readmore btn btn-success cvplbd\" target=\"_self\">M\u00c1S INFORMACI\u00d3N<\/a><\/div><\/div><\/div><\/div>\n<div class=\"col-md-6 col-sm-6 col-xs-12 pt-cv-content-item pt-cv-1-col\"  data-pid=\"1061\"><div class='pt-cv-ifield'><a href=\"https:\/\/epg.unp.edu.pe\/eposgrado\/maestrias\/promaedu\/gestion-educativa\/\" class=\"_self pt-cv-href-thumbnail pt-cv-thumb-default cvplbd\" target=\"_self\" ><img loading=\"lazy\" decoding=\"async\" width=\"791\" height=\"272\" src=\"https:\/\/epg.unp.edu.pe\/eposgrado\/wp-content\/uploads\/2019\/03\/banner_gestion_educativa.png\" class=\"pt-cv-thumbnail img-none\" alt=\"Gesti\u00f3n Educativa\" srcset=\"https:\/\/epg.unp.edu.pe\/eposgrado\/wp-content\/uploads\/2019\/03\/banner_gestion_educativa.png 791w, https:\/\/epg.unp.edu.pe\/eposgrado\/wp-content\/uploads\/2019\/03\/banner_gestion_educativa-300x103.png 300w, https:\/\/epg.unp.edu.pe\/eposgrado\/wp-content\/uploads\/2019\/03\/banner_gestion_educativa-768x264.png 768w, https:\/\/epg.unp.edu.pe\/eposgrado\/wp-content\/uploads\/2019\/03\/banner_gestion_educativa-285x98.png 285w\" sizes=\"auto, (max-width: 791px) 100vw, 791px\" \/><\/a>\n<h4 class=\"pt-cv-title\"><a href=\"https:\/\/epg.unp.edu.pe\/eposgrado\/maestrias\/promaedu\/gestion-educativa\/\" class=\"_self cvplbd\" target=\"_self\" > Maestr\u00eda en Ciencias de la Educaci\u00f3n con menci\u00f3n en Gesti\u00f3n Educativa<\/a><\/h4>\n<div class=\"pt-cv-content\"><div class=\"pt-cv-rmwrap\"><a href=\"https:\/\/epg.unp.edu.pe\/eposgrado\/maestrias\/promaedu\/gestion-educativa\/\" class=\"_self pt-cv-readmore btn btn-success cvplbd\" target=\"_self\">M\u00c1S INFORMACI\u00d3N<\/a><\/div><\/div><\/div><\/div>\n<div class=\"col-md-6 col-sm-6 col-xs-12 pt-cv-content-item pt-cv-1-col\"  data-pid=\"1064\"><div class='pt-cv-ifield'><a href=\"https:\/\/epg.unp.edu.pe\/eposgrado\/maestrias\/promaedu\/psicopedagogia-e-inclusion\/\" class=\"_self pt-cv-href-thumbnail pt-cv-thumb-default cvplbd\" target=\"_self\" ><img loading=\"lazy\" decoding=\"async\" width=\"791\" height=\"272\" src=\"https:\/\/epg.unp.edu.pe\/eposgrado\/wp-content\/uploads\/2019\/03\/banner_psicopedagogia_e_inclusion.png\" class=\"pt-cv-thumbnail img-none\" alt=\"Psicopedagog\u00eda e Inclusi\u00f3n\" srcset=\"https:\/\/epg.unp.edu.pe\/eposgrado\/wp-content\/uploads\/2019\/03\/banner_psicopedagogia_e_inclusion.png 791w, https:\/\/epg.unp.edu.pe\/eposgrado\/wp-content\/uploads\/2019\/03\/banner_psicopedagogia_e_inclusion-300x103.png 300w, https:\/\/epg.unp.edu.pe\/eposgrado\/wp-content\/uploads\/2019\/03\/banner_psicopedagogia_e_inclusion-768x264.png 768w, https:\/\/epg.unp.edu.pe\/eposgrado\/wp-content\/uploads\/2019\/03\/banner_psicopedagogia_e_inclusion-285x98.png 285w\" sizes=\"auto, (max-width: 791px) 100vw, 791px\" \/><\/a>\n<h4 class=\"pt-cv-title\"><a href=\"https:\/\/epg.unp.edu.pe\/eposgrado\/maestrias\/promaedu\/psicopedagogia-e-inclusion\/\" class=\"_self cvplbd\" target=\"_self\" > Maestr\u00eda en Ciencias de la Educaci\u00f3n con menci\u00f3n en Psicopedagog\u00eda e Inclusi\u00f3n<\/a><\/h4>\n<div class=\"pt-cv-content\"><div class=\"pt-cv-rmwrap\"><a href=\"https:\/\/epg.unp.edu.pe\/eposgrado\/maestrias\/promaedu\/psicopedagogia-e-inclusion\/\" class=\"_self pt-cv-readmore btn btn-success cvplbd\" target=\"_self\">M\u00c1S INFORMACI\u00d3N<\/a><\/div><\/div><\/div><\/div><\/div><\/div><\/div>\t\t\t<style type=\"text\/css\" id=\"pt-cv-inline-style-125ec95z48\">#pt-cv-view-a0dd8b827y.pt-cv-post-border { margin: 0; border-top-width: 1px; border-left-width: 1px }\n#pt-cv-view-a0dd8b827y.pt-cv-post-border { margin: 0; border-top-style: solid; border-left-style: solid }\n#pt-cv-view-a0dd8b827y.pt-cv-post-border { margin: 0; border-top-color: #ececec; border-left-color: #ececec }\n#pt-cv-view-a0dd8b827y.pt-cv-post-border .pt-cv-content-item   { border-right-width: 1px; border-bottom-width: 1px; border-right-style: solid; border-bottom-style: solid; border-right-color: #ececec; border-bottom-color: #ececec; }\n#pt-cv-view-a0dd8b827y .pt-cv-title a, #pt-cv-view-a0dd8b827y  .panel-title { font-weight: 600 !important; }\n#pt-cv-view-a0dd8b827y .pt-cv-readmore  { color: #ffffff !important; background-color: #922446 !important; }\n#pt-cv-view-a0dd8b827y .pt-cv-readmore:hover  { color: #ffffff !important; background-color: #922446 !important; }\n#pt-cv-view-a0dd8b827y  + .pt-cv-pagination-wrapper .pt-cv-more , #pt-cv-view-a0dd8b827y  + .pt-cv-pagination-wrapper .pagination .active a, .pt-cv-pagination[data-sid='a0dd8b827y'] .active a { color: #ffffff !important; background-color: #00aeef !important; }<\/style>\r\n\t\t\t\n<p><a href=\"https:\/\/epg.unp.edu.pe\/eposgrado\/maestrias\/\">&larr; Maestr\u00edas<\/a><\/p>","protected":false},"excerpt":{"rendered":"","protected":false},"author":1,"featured_media":0,"parent":1281,"menu_order":0,"comment_status":"closed","ping_status":"closed","template":"","meta":{"footnotes":""},"categories":[],"tags":[],"class_list":["post-338","page","type-page","status-publish","hentry"],"_links":{"self":[{"href":"https:\/\/epg.unp.edu.pe\/eposgrado\/wp-json\/wp\/v2\/pages\/338","targetHints":{"allow":["GET"]}}],"collection":[{"href":"https:\/\/epg.unp.edu.pe\/eposgrado\/wp-json\/wp\/v2\/pages"}],"about":[{"href":"https:\/\/epg.unp.edu.pe\/eposgrado\/wp-json\/wp\/v2\/types\/page"}],"author":[{"embeddable":true,"href":"https:\/\/epg.unp.edu.pe\/eposgrado\/wp-json\/wp\/v2\/users\/1"}],"replies":[{"embeddable":true,"href":"https:\/\/epg.unp.edu.pe\/eposgrado\/wp-json\/wp\/v2\/comments?post=338"}],"version-history":[{"count":6,"href":"https:\/\/epg.unp.edu.pe\/eposgrado\/wp-json\/wp\/v2\/pages\/338\/revisions"}],"predecessor-version":[{"id":646,"href":"https:\/\/epg.unp.edu.pe\/eposgrado\/wp-json\/wp\/v2\/pages\/338\/revisions\/646"}],"up":[{"embeddable":true,"href":"https:\/\/epg.unp.edu.pe\/eposgrado\/wp-json\/wp\/v2\/pages\/1281"}],"wp:attachment":[{"href":"https:\/\/epg.unp.edu.pe\/eposgrado\/wp-json\/wp\/v2\/media?parent=338"}],"wp:term":[{"taxonomy":"category","embeddable":true,"href":"https:\/\/epg.unp.edu.pe\/eposgrado\/wp-json\/wp\/v2\/categories?post=338"},{"taxonomy":"post_tag","embeddable":true,"href":"https:\/\/epg.unp.edu.pe\/eposgrado\/wp-json\/wp\/v2\/tags?post=338"}],"curies":[{"name":"wp","href":"https:\/\/api.w.org\/{rel}","templated":true}]}}