{"id":871,"date":"2019-03-27T16:02:32","date_gmt":"2019-03-27T16:02:32","guid":{"rendered":"https:\/\/epg.unp.edu.pe\/eposgrado\/?page_id=871"},"modified":"2026-04-05T20:04:29","modified_gmt":"2026-04-05T20:04:29","slug":"gerencia-empresarial","status":"publish","type":"page","link":"https:\/\/epg.unp.edu.pe\/eposgrado\/maestrias\/promad\/gerencia-empresarial\/","title":{"rendered":" Maestr\u00eda en Administraci\u00f3n con menci\u00f3n en Gerencia Empresarial"},"content":{"rendered":"<h2 style=\"text-align: justify;\"><strong>Presentaci\u00f3n<\/strong><\/h2>\n<p style=\"text-align: justify;\">El Programa de Maestr\u00eda en Administraci\u00f3n con Menci\u00f3n en Gerencia Empresarial tiene como finalidad la preparaci\u00f3n de profesionales altamente calificados y con capacidad cient\u00edfica que les permita participar en los debates nacionales e internacionales en el sector p\u00fablico y privado, contribuyendo en la formulaci\u00f3n de pol\u00edticas de gesti\u00f3n para el mejoramiento continuo de la calidad de la gerencia empresarial.<\/p>\n<h3 style=\"text-align: justify;\"><strong>Objetivos<\/strong><\/h3>\n<ul class=\"omsc-icons-ul fa-ul\">\n<li style=\"text-align: justify; margin-left: 20px;\"><i class=\"fa-li fa fa-chevron-right\"><\/i>Formar gerentes con habilidades y conocimientos que contribuyan a la eficiencia y eficacia de sus organizaciones.<\/li>\n<li style=\"text-align: justify; margin-left: 20px;\"><i class=\"fa-li fa fa-chevron-right\"><\/i>Formar profesionales del m\u00e1s alto nivel cient\u00edfico, con orientaci\u00f3n human\u00edstica y social, con conocimientos, habilidades y actitudes necesarias que les permitan desempe\u00f1ar funciones que contribuyan al desarrollo sostenible a la regi\u00f3n y el pa\u00eds.<\/li>\n<li style=\"text-align: justify; margin-left: 20px;\"><i class=\"fa-li fa fa-chevron-right\"><\/i>Coadyuvar a la reafirmaci\u00f3n de profesionales competentes con capacidades, convicciones y sentimientos en correspondencia con las exigencias del desarrollo integral, global y actual.<\/li>\n<li style=\"text-align: justify; margin-left: 20px;\"><i class=\"fa-li fa fa-chevron-right\"><\/i>Desarrollar investigaciones en el campo laboral y empresarial concretamente, en los aspectos de la menci\u00f3n.<\/li>\n<\/ul>\n<div class=\"omsc-tabs\"><ul class=\"omsc-tabs-control omsc-clearfix\"><li><a href=\"#tab-plan-de-estudios\"><span>Plan de Estudios<\/span><\/a><\/li><li><a href=\"#tab-horario-de-clases\"><span>Horario de clases<\/span><\/a><\/li><li><a href=\"#tab-inversion-economica\"><span>Inversi\u00f3n Econ\u00f3mica<\/span><\/a><\/li><\/ul><div class=\"omsc-tabs-tabs\"><\/p>\n<p><div class=\"omsc-tabs-tab omsc-tab-plan-de-estudios\"><\/p>\n<table class=\"tabla\" border=\"1\">\n<tbody>\n<tr class=\"encabezado\">\n<td><strong>ASIGNATURA<\/strong><\/td>\n<td><strong>N\u00b0 CR\u00c9DITOS<\/strong><\/td>\n<\/tr>\n<tr class=\"resaltado\">\n<td class=\"tab1\" colspan=\"2\"><strong>I CICLO<\/strong><\/td>\n<\/tr>\n<tr class=\"alternar\">\n<td class=\"tab1\">CONTABILIDAD GERENCIAL EMPRESARIAL<\/td>\n<td align=\"center\">03<\/td>\n<\/tr>\n<tr class=\"alternar\">\n<td class=\"tab1\">ECONOM\u00cdA EMPRESARIAL<\/td>\n<td align=\"center\">03<\/td>\n<\/tr>\n<tr class=\"alternar\">\n<td class=\"tab1\">SEMINARIO DE INVESTIGACI\u00d3N I<\/td>\n<td align=\"center\">03<\/td>\n<\/tr>\n<tr class=\"alternar\">\n<td class=\"tab1\">ESTAD\u00cdSTICA EMPRESARIAL<\/td>\n<td align=\"center\">03<\/td>\n<\/tr>\n<tr class=\"alternar\">\n<td class=\"tab1\">ADMINISTRACI\u00d3N SUPERIOR<\/td>\n<td align=\"center\">03<\/td>\n<\/tr>\n<tr class=\"resaltado\">\n<td class=\"tab1\" colspan=\"2\"><strong>II CICLO<\/strong><\/td>\n<\/tr>\n<tr class=\"alternar\">\n<td class=\"tab1\">COMPORTAMIENTO HUMANO EN LAS ORGANIZACIONES<\/td>\n<td align=\"center\">03<\/td>\n<\/tr>\n<tr class=\"alternar\">\n<td class=\"tab1\">GERENCIA DE FINANZAS<\/td>\n<td align=\"center\">03<\/td>\n<\/tr>\n<tr class=\"alternar\">\n<td class=\"tab1\">GERENCIA DE OPERACIONES<\/td>\n<td align=\"center\">03<\/td>\n<\/tr>\n<tr class=\"alternar\">\n<td class=\"tab1\">GERENCIA DE RECURSOS HUMANOS<\/td>\n<td align=\"center\">03<\/td>\n<\/tr>\n<tr class=\"alternar\">\n<td class=\"tab1\">GERENCIA DE MARKETING<\/td>\n<td align=\"center\">03<\/td>\n<\/tr>\n<tr class=\"resaltado\">\n<td class=\"tab1\" colspan=\"2\"><strong>III CICLO<\/strong><\/td>\n<\/tr>\n<tr class=\"alternar\">\n<td class=\"tab1\">GERENCIA ESTRAT\u00c9GICA<\/td>\n<td align=\"center\">03<\/td>\n<\/tr>\n<tr class=\"alternar\">\n<td class=\"tab1\">EMPRESARIADO<\/td>\n<td align=\"center\">03<\/td>\n<\/tr>\n<tr class=\"alternar\">\n<td class=\"tab1\">SEMINARIO DE ADMINISTRACI\u00d3N DE EMPRESAS DE SERVICIO<\/td>\n<td align=\"center\">03<\/td>\n<\/tr>\n<tr class=\"alternar\">\n<td class=\"tab1\">SEMINARIO DE INVESTIGACI\u00d3N II<\/td>\n<td align=\"center\">03<\/td>\n<\/tr>\n<tr class=\"alternar\">\n<td class=\"tab1\">SISTEMAS DE INFORMACI\u00d3N GERENCIAL<\/td>\n<td align=\"center\">03<\/td>\n<\/tr>\n<tr class=\"resaltado\">\n<td class=\"tab1\" colspan=\"2\"><strong>IV CICLO<\/strong><\/td>\n<\/tr>\n<tr class=\"alternar\">\n<td class=\"tab1\">DERECHO EMPRESARIAL<\/td>\n<td align=\"center\">03<\/td>\n<\/tr>\n<tr class=\"alternar\">\n<td class=\"tab1\">SEMINARIO DE INVESTIGACI\u00d3N III<\/td>\n<td align=\"center\">03<\/td>\n<\/tr>\n<tr class=\"alternar\">\n<td class=\"tab1\">GERENCIA DE MARKETING INTERNACIONAL<\/td>\n<td align=\"center\">03<\/td>\n<\/tr>\n<tr class=\"alternar\">\n<td class=\"tab1\">GERENCIA DE LA TECNOLOG\u00cdA<\/td>\n<td align=\"center\">03<\/td>\n<\/tr>\n<tr class=\"alternar\">\n<td class=\"tab1\">GLOBALIZACI\u00d3N EMPRESARIAL<\/td>\n<td align=\"center\">03<\/td>\n<\/tr>\n<tr class=\"encabezado\">\n<td style=\"text-align: center;\"><strong>TOTAL DE CR\u00c9DITOS<\/strong><\/td>\n<td align=\"center\"><strong>60<\/strong><\/td>\n<\/tr>\n<\/tbody>\n<\/table>\n<p><\/div><\/p>\n<p><div class=\"omsc-tabs-tab omsc-tab-horario-de-clases\"><\/p>\n<table class=\"tablahorario\">\n<tbody>\n<tr>\n<td><strong>S\u00e1bados:<\/strong><\/td>\n<td>4:15 p.m. &#8211; 9:00 p.m.<\/td>\n<\/tr>\n<tr>\n<td><strong>Domingos:<\/strong><\/td>\n<td>9:00 a.m. &#8211; 1:45 p.m.<\/td>\n<\/tr>\n<\/tbody>\n<\/table>\n<p><\/div><\/p>\n<p><div class=\"omsc-tabs-tab omsc-tab-inversion-economica\"><\/p>\n<table class=\"tabla\" border=\"1\">\n<tbody>\n<tr class=\"resaltado\" align=\"center\">\n<td><strong>CONCEPTO<\/strong><\/td>\n<td><strong>MONTO<\/strong><\/td>\n<\/tr>\n<tr class=\"alternar\">\n<td class=\"tab1\"><strong>Admisi\u00f3n (\u00fanica)<\/strong><\/td>\n<td align=\"center\">S\/. 510.60<\/td>\n<\/tr>\n<tr class=\"alternar\">\n<td class=\"tab1\"><strong>Matr\u00edcula Anual (2, anuales)<\/strong><\/td>\n<td align=\"center\">S\/. 662<\/td>\n<\/tr>\n<tr class=\"alternar\">\n<td class=\"tab1\"><strong>Pensi\u00f3n de Ense\u00f1anza (24, mensuales)<\/strong><\/td>\n<td align=\"center\">S\/. 350.00<\/td>\n<\/tr>\n<\/tbody>\n<\/table>\n<p><div class=\"omsc-divider omsc-border-large omsc-style-single\" style=\"\"><\/div><\/p>\n<table class=\"tabla\" border=\"1\">\n<tbody>\n<tr class=\"resaltado\" align=\"center\">\n<td colspan=\"2\"><strong>INFORMACI\u00d3N GENERAL<br \/>\nTRANSACCI\u00d3N (9135) &#8211; BANCO DE LA NACI\u00d3N<\/strong><\/td>\n<\/tr>\n<tr class=\"resaltado\" align=\"center\">\n<td><strong>CONCEPTO<\/strong><\/td>\n<td><strong>C\u00d3DIGO<\/strong><\/td>\n<\/tr>\n<tr class=\"alternar\">\n<td class=\"tab1\">Derecho de Admisi\u00f3n<\/td>\n<td align=\"center\">15<\/td>\n<\/tr>\n<tr class=\"alternar\">\n<td class=\"tab1\">Matr\u00edcula de Posgrado<\/td>\n<td align=\"center\">57<\/td>\n<\/tr>\n<tr class=\"alternar\">\n<td class=\"tab1\">Pensi\u00f3n de Ense\u00f1anza Posgrado<\/td>\n<td align=\"center\">58<\/td>\n<\/tr>\n<\/tbody>\n<\/table>\n<ul class=\"omsc-icons-ul fa-ul\">\n<li style=\"text-align: justify;\"><i class=\"fa-li fa fa-check\"><\/i><strong>Los pagos deben ser realizados mediante Ventanilla del Banco de la Naci\u00f3n o Pagalo.pe.<\/strong><\/li>\n<li style=\"text-align: justify;\"><i class=\"fa-li fa fa-check\"><\/i><strong>Realizar los pagos por concepto de Pensi\u00f3n de Ense\u00f1anza Posgrado en un solo voucher (m\u00e1s de una pensi\u00f3n).<\/strong><\/li>\n<li style=\"text-align: justify;\"><i class=\"fa-li fa fa-check\"><\/i><strong>El pago por concepto de Matr\u00edcula se debe realizar en un \u00fanico voucher.<\/strong><\/li>\n<li style=\"text-align: justify;\"><i class=\"fa-li fa fa-check\"><\/i><strong>Los pagos realizados deber\u00e1n ser reportados dentro del mismo mes.<\/strong><\/li>\n<\/ul>\n<p><\/div><br \/>\n<\/div><div class=\"omsc-clear\"><\/div><\/div>\n<a class=\"omsc-button omsc-no-custom-hover omsc-size-medium omsc-with-icon omsc-style-emboss omsc-text-bright\" href=\"https:\/\/epg.unp.edu.pe\/eposgrado\/wp-content\/uploads\/2026\/04\/P36-MAESTRIA-EN-ADMINISTRACION-CON-MENCION-EN-GERENCIA-EMPRESARIAL.pdf\" target=\"_blank\" style=\"background-color:#922446;border-color:#922446;color:#ffffff\"><i class=\"fa fa-arrow-circle-o-down\"><\/i>PLAN CURRICULAR<\/a>\n<p><strong>Coordinadora de la Maestr\u00eda (PROMAD):<\/strong><br \/>\n<strong>Dra. Guillermina Isabel Alba\u00f1il Ordinola<\/strong><br \/>\n<strong>Celular:<\/strong> 968059234<br \/>\n<strong>E-mail:<\/strong> galbanilo@unp.edu.pe<\/p>\n<p><strong>Personal Administrativo &#8211; Informes<\/strong><br \/>\n<strong>Sra. Mar\u00eda F. Quilcate Ram\u00edrez<\/strong><br \/>\n<strong>Celular:<\/strong> 962638836<br \/>\n<strong>E-mail:<\/strong> mquilcater@unp.edu.pe<\/p>\n<p><strong>Sra. Nadia N. Pinillos Vigil<\/strong><br \/>\n<strong>E-mail:<\/strong> npinillosv@unp.edu.pe<\/p>\n<p><strong>E-mail del programa:<\/strong> promad@unp.edu.pe<\/p>\n<p><strong>Horario de atenci\u00f3n:<\/strong> Lun-Vie: 8:00am &#8211; 3:00pm<\/p>\n<p><a href=\"https:\/\/epg.unp.edu.pe\/eposgrado\/maestrias\/promad\/\">&larr; Maestr\u00eda en Administraci\u00f3n<\/a><\/p>","protected":false},"excerpt":{"rendered":"<p>Presentaci\u00f3n El Programa de Maestr\u00eda en Administraci\u00f3n con Menci\u00f3n en Gerencia Empresarial tiene como finalidad la preparaci\u00f3n de profesionales altamente calificados y con capacidad cient\u00edfica que les permita participar en los debates nacionales e internacionales en el sector p\u00fablico y privado, contribuyendo en la formulaci\u00f3n de pol\u00edticas de gesti\u00f3n para el mejoramiento continuo de la [&hellip;]<\/p>\n","protected":false},"author":1,"featured_media":1162,"parent":332,"menu_order":0,"comment_status":"closed","ping_status":"closed","template":"","meta":{"footnotes":""},"categories":[],"tags":[11],"class_list":["post-871","page","type-page","status-publish","has-post-thumbnail","hentry","tag-administracion"],"_links":{"self":[{"href":"https:\/\/epg.unp.edu.pe\/eposgrado\/wp-json\/wp\/v2\/pages\/871","targetHints":{"allow":["GET"]}}],"collection":[{"href":"https:\/\/epg.unp.edu.pe\/eposgrado\/wp-json\/wp\/v2\/pages"}],"about":[{"href":"https:\/\/epg.unp.edu.pe\/eposgrado\/wp-json\/wp\/v2\/types\/page"}],"author":[{"embeddable":true,"href":"https:\/\/epg.unp.edu.pe\/eposgrado\/wp-json\/wp\/v2\/users\/1"}],"replies":[{"embeddable":true,"href":"https:\/\/epg.unp.edu.pe\/eposgrado\/wp-json\/wp\/v2\/comments?post=871"}],"version-history":[{"count":5,"href":"https:\/\/epg.unp.edu.pe\/eposgrado\/wp-json\/wp\/v2\/pages\/871\/revisions"}],"predecessor-version":[{"id":4057,"href":"https:\/\/epg.unp.edu.pe\/eposgrado\/wp-json\/wp\/v2\/pages\/871\/revisions\/4057"}],"up":[{"embeddable":true,"href":"https:\/\/epg.unp.edu.pe\/eposgrado\/wp-json\/wp\/v2\/pages\/332"}],"wp:featuredmedia":[{"embeddable":true,"href":"https:\/\/epg.unp.edu.pe\/eposgrado\/wp-json\/wp\/v2\/media\/1162"}],"wp:attachment":[{"href":"https:\/\/epg.unp.edu.pe\/eposgrado\/wp-json\/wp\/v2\/media?parent=871"}],"wp:term":[{"taxonomy":"category","embeddable":true,"href":"https:\/\/epg.unp.edu.pe\/eposgrado\/wp-json\/wp\/v2\/categories?post=871"},{"taxonomy":"post_tag","embeddable":true,"href":"https:\/\/epg.unp.edu.pe\/eposgrado\/wp-json\/wp\/v2\/tags?post=871"}],"curies":[{"name":"wp","href":"https:\/\/api.w.org\/{rel}","templated":true}]}}

Maestría en Administración con mención en Gerencia Empresarial

<h2 style="text-align: justify;"><strong>Presentación</strong></h2>
<p style="text-align: justify;">El Programa de Maestría en Administración con Mención en Gerencia Empresarial tiene como finalidad la preparación de profesionales altamente calificados y con capacidad científica que les permita participar en los debates nacionales e internacionales en el sector público y privado, contribuyendo en la formulación de políticas de gestión para el mejoramiento continuo de la calidad de la gerencia empresarial.</p>
<h3 style="text-align: justify;"><strong>Objetivos</strong></h3>
<ul class="omsc-icons-ul fa-ul">
<li style="text-align: justify; margin-left: 20px;"><i class="fa-li fa fa-chevron-right"></i>Formar gerentes con habilidades y conocimientos que contribuyan a la eficiencia y eficacia de sus organizaciones.</li>
<li style="text-align: justify; margin-left: 20px;"><i class="fa-li fa fa-chevron-right"></i>Formar profesionales del más alto nivel científico, con orientación humanística y social, con conocimientos, habilidades y actitudes necesarias que les permitan desempeñar funciones que contribuyan al desarrollo sostenible a la región y el país.</li>
<li style="text-align: justify; margin-left: 20px;"><i class="fa-li fa fa-chevron-right"></i>Coadyuvar a la reafirmación de profesionales competentes con capacidades, convicciones y sentimientos en correspondencia con las exigencias del desarrollo integral, global y actual.</li>
<li style="text-align: justify; margin-left: 20px;"><i class="fa-li fa fa-chevron-right"></i>Desarrollar investigaciones en el campo laboral y empresarial concretamente, en los aspectos de la mención.</li>
</ul>
<div class="omsc-tabs"><ul class="omsc-tabs-control omsc-clearfix"><li><a href="#tab-plan-de-estudios"><span>Plan de Estudios</span></a></li><li><a href="#tab-horario-de-clases"><span>Horario de clases</span></a></li><li><a href="#tab-inversion-economica"><span>Inversión Económica</span></a></li></ul><div class="omsc-tabs-tabs"></p>
<p><div class="omsc-tabs-tab omsc-tab-plan-de-estudios"></p>
<table class="tabla" border="1">
<tbody>
<tr class="encabezado">
<td><strong>ASIGNATURA</strong></td>
<td><strong>N° CRÉDITOS</strong></td>
</tr>
<tr class="resaltado">
<td class="tab1" colspan="2"><strong>I CICLO</strong></td>
</tr>
<tr class="alternar">
<td class="tab1">CONTABILIDAD GERENCIAL EMPRESARIAL</td>
<td align="center">03</td>
</tr>
<tr class="alternar">
<td class="tab1">ECONOMÍA EMPRESARIAL</td>
<td align="center">03</td>
</tr>
<tr class="alternar">
<td class="tab1">SEMINARIO DE INVESTIGACIÓN I</td>
<td align="center">03</td>
</tr>
<tr class="alternar">
<td class="tab1">ESTADÍSTICA EMPRESARIAL</td>
<td align="center">03</td>
</tr>
<tr class="alternar">
<td class="tab1">ADMINISTRACIÓN SUPERIOR</td>
<td align="center">03</td>
</tr>
<tr class="resaltado">
<td class="tab1" colspan="2"><strong>II CICLO</strong></td>
</tr>
<tr class="alternar">
<td class="tab1">COMPORTAMIENTO HUMANO EN LAS ORGANIZACIONES</td>
<td align="center">03</td>
</tr>
<tr class="alternar">
<td class="tab1">GERENCIA DE FINANZAS</td>
<td align="center">03</td>
</tr>
<tr class="alternar">
<td class="tab1">GERENCIA DE OPERACIONES</td>
<td align="center">03</td>
</tr>
<tr class="alternar">
<td class="tab1">GERENCIA DE RECURSOS HUMANOS</td>
<td align="center">03</td>
</tr>
<tr class="alternar">
<td class="tab1">GERENCIA DE MARKETING</td>
<td align="center">03</td>
</tr>
<tr class="resaltado">
<td class="tab1" colspan="2"><strong>III CICLO</strong></td>
</tr>
<tr class="alternar">
<td class="tab1">GERENCIA ESTRATÉGICA</td>
<td align="center">03</td>
</tr>
<tr class="alternar">
<td class="tab1">EMPRESARIADO</td>
<td align="center">03</td>
</tr>
<tr class="alternar">
<td class="tab1">SEMINARIO DE ADMINISTRACIÓN DE EMPRESAS DE SERVICIO</td>
<td align="center">03</td>
</tr>
<tr class="alternar">
<td class="tab1">SEMINARIO DE INVESTIGACIÓN II</td>
<td align="center">03</td>
</tr>
<tr class="alternar">
<td class="tab1">SISTEMAS DE INFORMACIÓN GERENCIAL</td>
<td align="center">03</td>
</tr>
<tr class="resaltado">
<td class="tab1" colspan="2"><strong>IV CICLO</strong></td>
</tr>
<tr class="alternar">
<td class="tab1">DERECHO EMPRESARIAL</td>
<td align="center">03</td>
</tr>
<tr class="alternar">
<td class="tab1">SEMINARIO DE INVESTIGACIÓN III</td>
<td align="center">03</td>
</tr>
<tr class="alternar">
<td class="tab1">GERENCIA DE MARKETING INTERNACIONAL</td>
<td align="center">03</td>
</tr>
<tr class="alternar">
<td class="tab1">GERENCIA DE LA TECNOLOGÍA</td>
<td align="center">03</td>
</tr>
<tr class="alternar">
<td class="tab1">GLOBALIZACIÓN EMPRESARIAL</td>
<td align="center">03</td>
</tr>
<tr class="encabezado">
<td style="text-align: center;"><strong>TOTAL DE CRÉDITOS</strong></td>
<td align="center"><strong>60</strong></td>
</tr>
</tbody>
</table>
<p></div></p>
<p><div class="omsc-tabs-tab omsc-tab-horario-de-clases"></p>
<table class="tablahorario">
<tbody>
<tr>
<td><strong>Sábados:</strong></td>
<td>4:15 p.m. &#8211; 9:00 p.m.</td>
</tr>
<tr>
<td><strong>Domingos:</strong></td>
<td>9:00 a.m. &#8211; 1:45 p.m.</td>
</tr>
</tbody>
</table>
<p></div></p>
<p><div class="omsc-tabs-tab omsc-tab-inversion-economica"></p>
<table class="tabla" border="1">
<tbody>
<tr class="resaltado" align="center">
<td><strong>CONCEPTO</strong></td>
<td><strong>MONTO</strong></td>
</tr>
<tr class="alternar">
<td class="tab1"><strong>Admisión (única)</strong></td>
<td align="center">S/. 510.60</td>
</tr>
<tr class="alternar">
<td class="tab1"><strong>Matrícula Anual (2, anuales)</strong></td>
<td align="center">S/. 662</td>
</tr>
<tr class="alternar">
<td class="tab1"><strong>Pensión de Enseñanza (24, mensuales)</strong></td>
<td align="center">S/. 350.00</td>
</tr>
</tbody>
</table>
<p><div class="omsc-divider omsc-border-large omsc-style-single" style=""></div></p>
<table class="tabla" border="1">
<tbody>
<tr class="resaltado" align="center">
<td colspan="2"><strong>INFORMACIÓN GENERAL<br />
TRANSACCIÓN (9135) &#8211; BANCO DE LA NACIÓN</strong></td>
</tr>
<tr class="resaltado" align="center">
<td><strong>CONCEPTO</strong></td>
<td><strong>CÓDIGO</strong></td>
</tr>
<tr class="alternar">
<td class="tab1">Derecho de Admisión</td>
<td align="center">15</td>
</tr>
<tr class="alternar">
<td class="tab1">Matrícula de Posgrado</td>
<td align="center">57</td>
</tr>
<tr class="alternar">
<td class="tab1">Pensión de Enseñanza Posgrado</td>
<td align="center">58</td>
</tr>
</tbody>
</table>
<ul class="omsc-icons-ul fa-ul">
<li style="text-align: justify;"><i class="fa-li fa fa-check"></i><strong>Los pagos deben ser realizados mediante Ventanilla del Banco de la Nación o Pagalo.pe.</strong></li>
<li style="text-align: justify;"><i class="fa-li fa fa-check"></i><strong>Realizar los pagos por concepto de Pensión de Enseñanza Posgrado en un solo voucher (más de una pensión).</strong></li>
<li style="text-align: justify;"><i class="fa-li fa fa-check"></i><strong>El pago por concepto de Matrícula se debe realizar en un único voucher.</strong></li>
<li style="text-align: justify;"><i class="fa-li fa fa-check"></i><strong>Los pagos realizados deberán ser reportados dentro del mismo mes.</strong></li>
</ul>
<p></div><br />
</div><div class="omsc-clear"></div></div>
<a class="omsc-button omsc-no-custom-hover omsc-size-medium omsc-with-icon omsc-style-emboss omsc-text-bright" href="https://epg.unp.edu.pe/eposgrado/wp-content/uploads/2026/04/P36-MAESTRIA-EN-ADMINISTRACION-CON-MENCION-EN-GERENCIA-EMPRESARIAL.pdf" target="_blank" style="background-color:#922446;border-color:#922446;color:#ffffff"><i class="fa fa-arrow-circle-o-down"></i>PLAN CURRICULAR</a>
<p><strong>Coordinadora de la Maestría (PROMAD):</strong><br />
<strong>Dra. Guillermina Isabel Albañil Ordinola</strong><br />
<strong>Celular:</strong> 968059234<br />
<strong>E-mail:</strong> galbanilo@unp.edu.pe</p>
<p><strong>Personal Administrativo &#8211; Informes</strong><br />
<strong>Sra. María F. Quilcate Ramírez</strong><br />
<strong>Celular:</strong> 962638836<br />
<strong>E-mail:</strong> mquilcater@unp.edu.pe</p>
<p><strong>Sra. Nadia N. Pinillos Vigil</strong><br />
<strong>E-mail:</strong> npinillosv@unp.edu.pe</p>
<p><strong>E-mail del programa:</strong> promad@unp.edu.pe</p>
<p><strong>Horario de atención:</strong> Lun-Vie: 8:00am &#8211; 3:00pm</p>
<p><a href="https://epg.unp.edu.pe/eposgrado/maestrias/promad/">&larr; Maestría en Administración</a></p>

<p>Presentación El Programa de Maestría en Administración con Mención en Gerencia Empresarial tiene como finalidad la preparación de profesionales altamente calificados y con capacidad científica que les permita participar en los debates nacionales e internacionales en el sector público y privado, contribuyendo en la formulación de políticas de gestión para el mejoramiento continuo de la [&hellip;]</p>
